 17*v + 12. Let t(h) = -6*d(h) + 5*n(h). What is t(5)?
-12
Let l be -4*(-6)/4 - 2. Let h(r) = -3*r**2 + r + l*r**3 - 2*r**3 + 0*r**3. What is h(2)?
6
Let n(x) = 7*x**3 + 8*x**2 - x - 2. Let i(t) = -3*t**3 - 4*t**2 + 1. Suppose 3*v - 15 = 6*v. Let c(l) = v*i(l) - 2*n(l). Calculate c(-3).
2
Let k(z) = 12*z**3 + 19*z**2 + 8*z - 2. Let s(g) = 19*g**3 + 29*g**2 + 12*g - 4. Let m(v) = 8*k(v) - 5*s(v). What is m(-6)?
16
Suppose -102 + 60 = 21*h. Let m(p) = -p**2 - 2. Calculate m(h).
-6
Suppose 3 = -0*h + h. Suppose 0 = 5*f - h*f. Let a(i) = -i**3 - i**2 - i - 4. What is a(f)?
-4
Let w(h) = h**3 + 6*h**2 + h + 7. Let c be 14/10 - (-30)/50. Suppose 2*i + 24 = -c*i. What is w(i)?
1
Let g(i) be the second derivative of -i**3/2 + 13*i**2/2 + 29*i. Calculate g(4).
1
Let x(b) = -4*b - 10. Suppose 0 = 68*t - 95*t + 189. What is x(t)?
-38
Let s be (-4)/(-12)*(1 + 2 - -3). Let f(c) = 3 + c**s + 24*c + 1 - 16*c. Calculate f(-6).
-8
Let s(x) = -7*x**3 + 19*x**2 + 3*x + 18. Suppose 0 = 13*b - 8*b + 25. Let i(y) = 3*y**3 - 9*y**2 - y - 9. Let k(h) = b*i(h) - 2*s(h). What is k(7)?
2
Let b(z) = -z**3 + 5*z**2 + 9*z - 6. Suppose 7*i - 10*i + 2*p - 67 = 0, 51 = -2*i - 5*p. Let y be ((-2)/(-3))/(i/(-207)). Give b(y).
12
Let s(h) = -69*h - 4904. Let g be s(-71). Let x(p) = -2 + p**2 + 2*p - p + 4*p. What is x(g)?
-2
Let p(r) = -r. Let a(m) = -m - 1. Let w(h) = -a(h) + 2*p(h). What is w(5)?
-4
Let y(k) = -k + 1. Let x(w) = -8*w + 7. Let g(c) = x(c) - 5*y(c). What is g(6)?
-16
Let l(d) = -d**3 - 6*d**2 - 5*d - 1. Let a be (((-12)/(-9))/2)/(20/(-570)). Let j = -32 + 46. Let p = j + a. What is l(p)?
-1
Let o = -281 - -277. Let z(h) = -2*h + 6. Give z(o).
14
Let u(t) = -t**2 - 13*t - 9. Let k be -10*(63/(-35) - -3). What is u(k)?
3
Let f(l) = -l**3 - 8*l - 3*l**2 + 3*l + 2*l - 2*l**2. What is f(-3)?
-9
Suppose -119 = -8*m + 217. Let g be 9/(-21) + 186/m. Let l(p) = -p**2 + 3*p - 6. Calculate l(g).
-10
Let h be 18/27*(-15)/(-2). Let j(x) = 4*x + 5*x - h + 4 + 2. What is j(-1)?
-8
Let t(j) = -4*j + 4. Let s(i) = i + 1. Let y(n) be the first derivative of -n**2 - 5. Let m be y(2). Let x(b) = m*s(b) + t(b). What is x(-2)?
16
Let h(w) = -2*w**2 + 13*w - 5. Let i be (418/55 - 9)/(2/(-10)). Determine h(i).
-12
Let b(c) = 2*c - 3. Let x = -13 + 19. Suppose w - x = -2. Determine b(w).
5
Suppose -12*r + 153 - 33 = 0. Let s be 0 + -1 - (r - 13). Let p(j) = 5*j + 2. What is p(s)?
12
Suppose -50 = -3*x + 13*x. Let t(s) = 9 - 15 + s + s**3 + 4*s**2 - 5*s. Give t(x).
-11
Let c(b) = -b**3 - b**2 + 4*b + 3. Let a(z) = z**3 + z**2 - 3*z - 4. Let x be a(-2). Let k be x + (-12)/(0 - 3). Suppose -k - 2 = 2*w. What is c(w)?
-1
Let s(h) be the second derivative of -h**5/20 - 5*h**4/12 - h**3/2 - h. Let r(d) = 5*d + 7. Let q be r(-2). Determine s(q).
-9
Let m(c) = 3*c - 5. Let v = 19 + -22. Let d be 3 + (0 + 0)/4. Let g be (d - (0 + v)) + -2. What is m(g)?
7
Let q(l) = -2*l + 28. Let x be q(8). Suppose -3*n + x = z, -3*n + 0*z - 3*z = -18. Let g(t) = t**3 - 2*t**2 - t + 1. What is g(n)?
7
Suppose -4*b = -v + 1, 5*v + 0*v - 24 = b. Let m be -1*b*(-1)/1. Let x(r) = -9*r**3 + 2*r**2 - r. Calculate x(m).
-8
Let t be 24*(-3 + 152/48). Let y(k) be the second derivative of -k**5/20 + k**4/6 + 5*k**3/6 + k**2 - 2*k. Give y(t).
-10
Let f(o) be the third derivative of o**5/60 + 5*o**4/24 - 5*o**3/6 - 14*o**2. Suppose 0 = -j - 6. What is f(j)?
1
Let k(f) = -f**3 - 5*f**2 + 5*f - 7. Let d be (-27)/(-2)*(-6)/(-9). Let j be d/((-18)/20) + 4. What is k(j)?
-1
Let t(x) = -x**3 + 2*x**2 + 2*x. Let w(j) = 3*j + 39. Let v be w(-12). What is t(v)?
-3
Let f(d) = -d**2 - 3*d + 2. Let p be (-312)/(-13) + 0 + -1. Let h(z) = z**2 - 22*z - 25. Let u be h(p). Determine f(u).
4
Let l(f) = -3*f + 16. Let p(v) = -2*v + 1. Let m(n) = -l(n) + 2*p(n). Determine m(-8).
-6
Let l(c) be the third derivative of c**6/120 - 7*c**5/60 - c**4/24 + 5*c**3/3 + c**2 - 32. Suppose -15 = -d - 2*n, 2*d - 2*n - n = 2. What is l(d)?
3
Let r(o) be the first derivative of -o**4/4 - o**3 + 7*o**2/2 + 10*o - 219. Determine r(-4).
-2
Suppose -7*n = 37 - 51. Let o(l) = -l**3 + l**2 - l + 2. Let f be o(0). Let r(m) = f + 3*m + 2*m - m**3 - 506*m**n + 501*m**2. Give r(-6).
8
Let v(u) = -4*u - 3. Let c be v(-2). Suppose -3 = c*d - 18. Suppose 6 + 9 = -d*k. Let z(a) = a - 4. Determine z(k).
-9
Let h(i) be the third derivative of i**5/10 + i**4/24 - i**3/6 + i**2. Let r = 501 + -500. Calculate h(r).
6
Let k(x) = 2 - 1 - 23*x + 24*x. Let u be 6*1*(-9 - -8). Let v be u/4*4/(-6). Give k(v).
2
Let j(x) = 30 + 3*x + 33 + 25 - 98. Calculate j(7).
11
Let x(g) = 2*g**2 - 3*g**2 + 5998*g - 11998*g + 5993*g + 33. Calculate x(-10).
3
Let n(v) = 7 + 3*v - 3 + v**2 - 5 + 3. Determine n(-2).
0
Suppose 2 + 14 = -4*w. Let j(a) be the second derivative of 5/6*a**3 + 1/20*a**5 + 5/12*a**4 + 1/2*a**2 + 0 - 18*a. Calculate j(w).
-3
Let s(q) = 14*q - 3. Let r(a) = -27*a + 5. Let i(t) = -6*r(t) - 11*s(t). Let u(c) = c**2 - 10*c - 4. Let v be u(11). Let l = v + -9. Give i(l).
-13
Let j(h) be the first derivative of -h**2 - 2 + 4/3*h**3 + 6*h + 1/4*h**4. Suppose 2*b + 4*d + 0*d = -2, 0 = -2*b - 3*d - 4. Give j(b).
-9
Let s(t) = -t**3 - 2*t**2 + 4*t + 1. Suppose -26 = -13*v + 13. Suppose 49 = v*g + 58. Determine s(g).
-2
Let k(n) = 11*n**2 - 1. Suppose -76 = -11*q - 54. What is k(q)?
43
Let c(t) = 3*t**3 + 6*t**2 + 4*t + 3. Let k be c(-3). Let n be 6/((k/(-16))/3). Let f(o) = o**2 - 9*o + 6. Calculate f(n).
-2
Let d(g) = 2*g - 5. Let a(s) = s - 2. Let j(t) = 13*a(t) - 6*d(t). Let r = -209 - -211. Let u be ((0 - 2) + r)/(-7 - -8). Give j(u).
4
Let i(o) be the second derivative of 0*o**2 - 5*o - 1/6*o**3 + 0. What is i(-1)?
1
Let j(b) = 2*b**2 + 16*b - 42. Let u(v) = v**2 + 9*v - 21. Let r(f) = 4*j(f) - 7*u(f). Calculate r(0).
-21
Suppose -7*g + 12*g - 5*d - 10 = 0, g - 3*d = 12. Let x(z) = 4 - z**3 + 0*z - z - z - 5*z**2. Determine x(g).
-8
Let z(u) = -7*u**2 + u**2 + 2941*u + 3*u**2 - 2934*u - 2. Give z(3).
-8
Let s(i) = -1. Let r(k) = -2*k - 7. Let g be (1/(-1)*-1)/(-1). Let f(n) = g*r(n) + 2*s(n). Determine f(-4).
-3
Let t(i) = 9 + 27 + 2*i - 38. Suppose 4 = -4*h - 4. Calculate t(h).
-6
Let a = -118 + 123. Let l(v) = v**2 - 7*v + 6. What is l(a)?
-4
Let f(a) be the first derivative of 0*a**3 + 0*a + 1/24*a**4 + 6 - a**2. Let y(l) be the second derivative of f(l). Give y(1).
1
Let y(z) = 4*z + 2. Let b(o) = -o**3 - 7*o**2 + 16*o - 22. Let q be b(-9). Let g(c) = 7*c + 22. Let w be g(q). Determine y(w).
-22
Let v(h) = -4 + 4 + 5*h**2 + 183*h + h**3 - 181*h + 4 - 6. Calculate v(-4).
6
Let n(w) = -w**3 - 6*w**2 - 2*w - 7. Suppose 5*j = 4*i - 36, -5*j = 2*i + 14 - 2. Suppose 0 = 3*o + 9, -2*o = -4*t - i - 14. Determine n(t).
5
Suppose -2*m - 2*o = 3*o + 17, -2*m - o + 3 = 0. Let y(k) = 2*k + k - k - m - k. Suppose -20 = -4*a - 5*z, 3*a - 11 = -5*z + 4. Give y(a).
1
Let p(j) = 2*j**2 + 3*j + 4. Suppose -3*a = 2*c - 213, -3*a = 3*c - 5*c + 195. Let y = c - 105. Determine p(y).
13
Let q(c) = -c + 11. Let s be q(5). Suppose -a + s = -0*a. Let t(i) = -2*i + 6. Determine t(a).
-6
Suppose -4*m + 3*m + b = -1, -4*b - 7 = -5*m. Let i(o) = 2*o**2 - 2*o - 2. What is i(m)?
10
Let i(s) be the third derivative of s**4/24 - 5*s**3/6 - 14*s**2. Let d(b) = -3*b - 1 - 4*b - b**2 - 8. Let p be d(-4). Determine i(p).
-2
Let x(b) be the second derivative of -b**4/12 + 2*b**3/3 - 3*b**2 - 903*b. Calculate x(8).
-38
Let r(n) = 3*n**2 + 8*n + 26. Let t(y) = y**2 + 4*y + 11. Let a(p) = -3*r(p) + 7*t(p). Let g be (1/(-2))/(1/(-6)). Determine a(g).
-7
Let i(k) = k + 18 + 8 - 1 - 12. Calculate i(-5).
8
Suppose -2*y + 116 = 104. Let j(b) = 209 - 419 - b**3 - b + 209 + y*b**2. Calculate j(6).
-7
Suppose 5*x - 20 - 3 = 4*p, -p - 14 = -4*x. Let k(w) = 2*w + 4. Let o(y) = -2*y - 3. Let a(z) = 4*k(z) + 5*o(z). Calculate a(p).
5
Let w(s) = 13 + s**3 + 2*s**3 + s**2 - 2*s - 7 - 3. Let i(f) = 4*f**3 + f**2 - 2*f + 4. Let m(t) = 2*i(t) - 3*w(t). Calculate m(2).
-9
Let h be -8 - -11 - (-4 - -10). Let z(r) = r**2 - r. Give z(h).
12
Let m(f) = 6*f - 106. Let v be m(17). Let y(d) = -d**3 - 2*d**2 + 7*d + 6. Calculate y(v).
10
Let w(b) = -2*b - 1. Let y(k) = 7*k + 6. Let i(l) = 4*w(l) + y(l). Let a be (9/5)/((-3)/(-10)). Give i(a).
-4
Let i(p) = -p - 3. Suppose -7*q + 5*k - 33 = -5*q, -40 = 5*q - 4*k. Calculate i(q).
1
Let 